{"id":11,"date":"2018-06-18T14:59:15","date_gmt":"2018-06-18T12:59:15","guid":{"rendered":"http:\/\/operacjaintegracja.umed.pl\/?page_id=11"},"modified":"2019-09-08T12:38:19","modified_gmt":"2019-09-08T10:38:19","slug":"harmonogram-wsparcia","status":"publish","type":"page","link":"https:\/\/operacjaintegracja.umed.pl\/index.php\/harmonogram-wsparcia\/","title":{"rendered":"Harmonogram wsparcia"},"content":{"rendered":"<section class=\"kc-elm kc-css-996440 kc_row\"><div class=\"kc-row-container  kc-container\"><div class=\"kc-wrap-columns\"><div class=\"kc-elm kc-css-138804 kc_col-sm-12 kc_column kc_col-sm-12\"><div class=\"kc-col-container\">\n<div class=\"kc-elm kc-css-408107 kc-title-wrap \">\n\n\t<h1 class=\"kc_title\">Harmonogram wsparcia<\/h1>\n<\/div>\n<div class=\"kc-elm kc-css-74506 kc_text_block\"><\/p>\n<p>1. Szkolenie: Zarz\u0105dzanie prac\u0105 i organizacja czasu pracy dla kadry administracyjnej<\/p>\n<p><a href=\"http:\/\/operacjaintegracja.umed.pl\/wp-content\/uploads\/2019\/09\/Zarzadzanie-praca-i-organizacja-czasu-pracy-dla-kadry-administracyjnej.doc\">http:\/\/operacjaintegracja.umed.pl\/wp-content\/uploads\/2019\/09\/Zarzadzanie-praca-i-organizacja-czasu-pracy-dla-kadry-administracyjnej.doc<\/a><\/p>\n<p>2. Szkolenie: Zarz\u0105dzanie emocjami w trudnych sytuacjach<\/p>\n<p><a href=\"http:\/\/operacjaintegracja.umed.pl\/wp-content\/uploads\/2019\/09\/Zarzadzanie-emocjami-w-trudnych-sytuacjach.doc\">http:\/\/operacjaintegracja.umed.pl\/wp-content\/uploads\/2019\/09\/Zarzadzanie-emocjami-w-trudnych-sytuacjach.doc<\/a><\/p>\n<p>3. Szkolenia: Wyst\u0105pienia jako element prowadzenia zaj\u0119\u0107 dydaktycznych dla nauczycieli akademickich<\/p>\n<p><a href=\"http:\/\/operacjaintegracja.umed.pl\/wp-content\/uploads\/2019\/09\/Wystapienia-jako-element-prowadzenia-zajec-dydaktycznych-dla-nauczycieli-akademickich.doc\">http:\/\/operacjaintegracja.umed.pl\/wp-content\/uploads\/2019\/09\/Wystapienia-jako-element-prowadzenia-zajec-dydaktycznych-dla-nauczycieli-akademickich.doc<\/a><\/p>\n<p>4. Szkolenie: Wyst\u0105pienia jako element prowadzenia spotka\u0144<\/p>\n<p><a href=\"http:\/\/operacjaintegracja.umed.pl\/wp-content\/uploads\/2019\/09\/Wystapienia-jako-element-prowadzenia-efektywnych-spotkan.doc\">http:\/\/operacjaintegracja.umed.pl\/wp-content\/uploads\/2019\/09\/Wystapienia-jako-element-prowadzenia-efektywnych-spotkan.doc<\/a><\/p>\n<p>5. Szkolenie: Six Sigma White Belt<\/p>\n<p style=\"text-align: left;\"><a href=\"http:\/\/operacjaintegracja.umed.pl\/wp-content\/uploads\/2019\/09\/Six-SIgma-White-Belt.doc\">http:\/\/operacjaintegracja.umed.pl\/wp-content\/uploads\/2019\/09\/Six-SIgma-White-Belt.doc<\/a><\/p>\n<p>6. Szkolenie: Six Sigma Green Belt<\/p>\n<p><a href=\"http:\/\/operacjaintegracja.umed.pl\/wp-content\/uploads\/2019\/09\/Six-SIgma-Green-Belt.doc\">http:\/\/operacjaintegracja.umed.pl\/wp-content\/uploads\/2019\/09\/Six-SIgma-Green-Belt.doc<\/a><\/p>\n<p>7. Szkolenie: Prince 2 Foundation i Practitioner<\/p>\n<p><a href=\"http:\/\/operacjaintegracja.umed.pl\/wp-content\/uploads\/2019\/09\/Prince-2-Foundaition-i-Practitioner.doc\">http:\/\/operacjaintegracja.umed.pl\/wp-content\/uploads\/2019\/09\/Prince-2-Foundaition-i-Practitioner.doc<\/a><\/p>\n<p>8. Szkolenie: MoR Foundation i Practitioner<\/p>\n<p><a href=\"http:\/\/operacjaintegracja.umed.pl\/wp-content\/uploads\/2019\/09\/MoR-Foundaition-i-Practitioner.doc\">http:\/\/operacjaintegracja.umed.pl\/wp-content\/uploads\/2019\/09\/MoR-Foundaition-i-Practitioner.doc<\/a><\/p>\n<p>9.Szkolenie: Modelowanie baz danych<\/p>\n<p><a href=\"http:\/\/operacjaintegracja.umed.pl\/wp-content\/uploads\/2019\/09\/modelowanie-baz-danych.doc\">http:\/\/operacjaintegracja.umed.pl\/wp-content\/uploads\/2019\/09\/modelowanie-baz-danych.doc<\/a><\/p>\n<p>10. Szkolenie: Design Thinking &#8211; my\u015blenie projektowe<\/p>\n<p><a href=\"http:\/\/operacjaintegracja.umed.pl\/wp-content\/uploads\/2019\/09\/Design-Thinking-myslenie-projektowe.doc\">http:\/\/operacjaintegracja.umed.pl\/wp-content\/uploads\/2019\/09\/Design-Thinking-myslenie-projektowe.doc<\/a><\/p>\n<p>11. Szkolenie: BSC<\/p>\n<p><a href=\"http:\/\/operacjaintegracja.umed.pl\/wp-content\/uploads\/2019\/09\/BSC.doc\">http:\/\/operacjaintegracja.umed.pl\/wp-content\/uploads\/2019\/09\/BSC.doc<\/a><\/p>\n<p>12. Szkolenie: analizy w BI<\/p>\n<p><a href=\"http:\/\/operacjaintegracja.umed.pl\/wp-content\/uploads\/2019\/09\/analizy-w-BI.doc\">http:\/\/operacjaintegracja.umed.pl\/wp-content\/uploads\/2019\/09\/analizy-w-BI.doc<\/a><\/p>\n<p>\n<\/div><\/div><\/div><\/div><\/div><\/section>\n","protected":false},"excerpt":{"rendered":"","protected":false},"author":5,"featured_media":0,"parent":0,"menu_order":0,"comment_status":"closed","ping_status":"closed","template":"","meta":{"footnotes":""},"class_list":["post-11","page","type-page","status-publish","hentry"],"_links":{"self":[{"href":"https:\/\/operacjaintegracja.umed.pl\/index.php\/wp-json\/wp\/v2\/pages\/11","targetHints":{"allow":["GET"]}}],"collection":[{"href":"https:\/\/operacjaintegracja.umed.pl\/index.php\/wp-json\/wp\/v2\/pages"}],"about":[{"href":"https:\/\/operacjaintegracja.umed.pl\/index.php\/wp-json\/wp\/v2\/types\/page"}],"author":[{"embeddable":true,"href":"https:\/\/operacjaintegracja.umed.pl\/index.php\/wp-json\/wp\/v2\/users\/5"}],"replies":[{"embeddable":true,"href":"https:\/\/operacjaintegracja.umed.pl\/index.php\/wp-json\/wp\/v2\/comments?post=11"}],"version-history":[{"count":6,"href":"https:\/\/operacjaintegracja.umed.pl\/index.php\/wp-json\/wp\/v2\/pages\/11\/revisions"}],"predecessor-version":[{"id":84,"href":"https:\/\/operacjaintegracja.umed.pl\/index.php\/wp-json\/wp\/v2\/pages\/11\/revisions\/84"}],"wp:attachment":[{"href":"https:\/\/operacjaintegracja.umed.pl\/index.php\/wp-json\/wp\/v2\/media?parent=11"}],"curies":[{"name":"wp","href":"https:\/\/api.w.org\/{rel}","templated":true}]}}